. Let d(s) = -s**2 + 7*s - 4. What is d(p)?
2
Let d(v) = v**3 - 12*v**2 - 27*v - 25. Let w be (-45 + 1 - -30)/(-3 - (-2)/1). Calculate d(w).
-11
Let u(x) be the third derivative of -x**6/120 + x**5/60 + x**3/2 - 3*x**2. Suppose -813*q = -790*q. Give u(q).
3
Let i(l) = 46*l + 49. Let u(b) = 11*b - 2. Let k(g) = -i(g) + 4*u(g). Give k(-7).
-43
Let p be 12/2*(6 + -7)*10/20. Let o(h) = -h**3 - 3*h**2 + 3*h + 16. Calculate o(p).
7
Let f(m) = -m**2 - 8*m - 4. Let p(o) = -o**2 - 2*o + 7. Let t = 141 + -146. Let b be p(t). Give f(b).
-4
Suppose c + 36 = 5*w, c + 2 - 6 = 0. Suppose -2*d + 3*d - w = 0. Let a(s) = 9*s**2 + 9*s - s**3 + 38 + 40 - 125 + 36 - 14*s. Determine a(d).
13
Let n(b) be the first derivative of b**4/4 - 13*b**3/3 + 9*b**2/2 - 11*b + 3978. Calculate n(12).
-47
Let a(i) = -11*i**2 + 1. Let b = 9354 - 9353. Give a(b).
-10
Let s(g) = -25*g - 148. Let m(v) = 23*v + 146. Let r(b) = 10*m(b) + 9*s(b). Give r(-27).
-7
Let x(a) = -7*a + 41. Let y(s) = 36*s - 209. Let m(d) = 21*x(d) + 4*y(d). Determine m(10).
-5
Let g(p) = -23*p - 27. Let v(l) = -77*l - 83. Let o(f) = -14*g(f) + 4*v(f). Give o(-3).
4
Let i(j) be the first derivative of j**5/20 + j**4/2 - j**3 + 15*j - 90. Let s(o) be the first derivative of i(o). Determine s(-7).
-7
Let r(n) = 14 + 10*n**3 - 12 - 12*n**3 - n**2 + 3*n. Let h = 1 + 15. Suppose 2 = d, -6*q = -2*q - 4*d + h. What is r(q)?
8
Let f(t) = -t**2 - 9*t + 36. Let o be f(-12). Suppose o - 2 = -h. Let q(l) = -1 + l**h - l**2 + l**2 - 3*l + 0. What is q(3)?
-1
Let s be 1/(63/18 + -3 + 0). Let z(t) = -11*t**2 + 0*t - s*t + 23*t**2 + 2 - 13*t**2. Give z(2).
-6
Let m(s) = -s + 2. Let p be m(0). Let z(l) = -l - 5 + p - l**2 + 3*l. Let u(d) = -2*d**2 - 63*d - 471. Let j be u(-12). Determine z(j).
-18
Let h(k) = k**3 + 3*k - 2. Let i = -2820 - -2822. Calculate h(i).
12
Let s(j) = -5*j**3 + 13*j**2 - 2*j + 3. Let m = -21577 - -21579. What is s(m)?
11
Let j = -67 + 115. Suppose 0 = 16*q - 8*q - j. Let a(t) = t**2 - 2*t - 1. Let k(z) = -3*z**2 + 5*z + 2. Let l(i) = -7*a(i) - 2*k(i). Give l(q).
-9
Let o(c) = 7*c - 4. Let b(y) = y**2 - 7*y + 3. Let r be b(6). Let v(z) = 10*z - 4. Let l(s) = r*v(s) + 4*o(s). Determine l(-8).
12
Let r(h) = 3*h - 4 + h**2 + 1 - h**2 + h**2. Suppose -2*o = 2 + 2, -4 = 3*d - 4*o. Determine r(d).
1
Let o(q) = -6*q**3 + 2*q + 1. Suppose -4 = -2*b - 6. Let l be o(b). Let p(n) = n + 2517 + 2517 - 2*n + 2514 - 10065 + 2524. Determine p(l).
2
Let v(l) = -l**3 + l + 12. Let o be v(0). Let a(c) = 2*c**2 + 13*c + 4*c**2 - o*c. Determine a(-1).
5
Let i(m) = -5*m - 1 - 1 + 3 - 2. Let v(q) = -q**2 - 5*q. Let r be v(-4). Suppose -3*o - 4*s = -10 + 1, 5*o - r*s = -17. What is i(o)?
4
Let i = 10 - 16. Let y = -12 - -15. Let k(z) = -z - z**3 + 8*z - 6 - 2*z**2 - 3*z**2 + 0*z**y. Calculate k(i).
-12
Let y(v) = -2*v - 55. Suppose -5*s = -4*d - 123, 22*s = 2*d + 25*s + 67. Let t = d - -8. Calculate y(t).
-7
Let h(z) be the first derivative of -z**3/3 - 17*z**2/2 - 5*z - 690. What is h(-16)?
11
Suppose -1 = -b + 1. Let u(p) be the third derivative of p**7/1260 - 2*p**5 + 2*p**2 - 29*p. Let d(s) be the third derivative of u(s). Determine d(b).
8
Suppose -3*r - 10*r = -26. Let w(p) = 8*p - r*p + 10*p - 9*p. Give w(-1).
-7
Let z = 12 + -6. Let u = -263 + 266. Let r(j) = -20 - 3*j**3 + 5*j**u - j**3 - 6*j**2 - 17 + 43. Determine r(z).
6
Let z(n) be the second derivative of 1/2*n**2 + 3*n - 1/6*n**3 + 0. Let u = 47 + -42. Give z(u).
-4
Let a(n) = 5932*n + 5930*n - 11867*n + 19. Determine a(5).
-6
Suppose -4*f - 63 = -f. Let o(u) = -3*u**3 + 18*u**2 - 7*u + 1. Let t(b) = 11*b**3 - 73*b**2 + 21*b - 4. Let w(r) = 15*o(r) + 4*t(r). Determine w(f).
-1
Let u be (131/(-131)*(1 + -4))/(-1). Let z(b) = 7*b**2 - 4*b - 8. Give z(u).
67
Let d(j) = j + 1. Let w = -16 - -16. Let c be -3*2/(-6)*(w + 20). Suppose -9*u + 5*u = c. What is d(u)?
-4
Suppose -5*r = -8*r. Suppose -12*l + 12 = -r. Let a(x) = -9*x**2 + 4*x - 4. Let t(n) = 9*n**2 - 5*n + 5. Let m(d) = 5*a(d) + 4*t(d). Determine m(l).
-9
Let w(z) = -36*z - 19. Let y be w(-2). Let l = -47 + y. Suppose 13*a + l = 11*a. Let v(q) = -q**2 - 3*q + 1. Give v(a).
1
Let s(c) be the second derivative of 7*c**5/120 + c**4/24 + c**3/6 + 9*c**2 + 2*c - 3. Let k(i) be the second derivative of s(i). What is k(-1)?
-6
Let o(r) be the third derivative of -1/120*r**6 + 0*r - 7*r**2 - 4 + 0*r**5 + 1/24*r**4 - 1/2*r**3. Let n = 4 - 7. Calculate o(n).
21
Let u(i) = -2*i + 2. Let w(d) = d**2 - 2*d - 30. Let g(s) = -u(s) - w(s). Calculate g(8).
-4
Let s(v) = 7*v**2 - 2*v + 2. Let k(p) = -p**3 - 12*p**2 + 12*p - 26. Let t(y) = k(y) + 3*s(y). Determine t(8).
92
Let w(v) = -2*v**2 + 8*v - 10. Let t be (1224/1020)/((-6)/(-10)). Calculate w(t).
-2
Let c(n) = n**2 + 11*n + 8. Let r(x) = x**2 + 16*x - 32. Let u be r(-18). Let g be u - 13/(-6 - -7). What is c(g)?
-10
Let j(o) = -o**2 - 10*o - 12. Let z(g) = g**3 - 5*g**2 - 6*g + 28. Let y be z(3). What is j(y)?
4
Let g(q) = -15*q**2 - 2*q + 10. Let p(z) = 13*z**2 + 2*z - 9. Let v = -213 + 220. Let r(y) = v*p(y) + 6*g(y). Let j = -8 + 5. Determine r(j).
0
Let k(n) = -3*n**2 - 52*n + 44. Let f be 2985/(-165) + 3/33. Determine k(f).
8
Let t be (-2)/21 - (-125)/420*2. Let p(z) be the third derivative of -t*z**4 + 0*z**3 + 0*z + 0 + 14*z**2. What is p(-1)?
12
Let x(l) = -l**3 - 15*l**2 + 20*l + 63. Let c = 1823 - 1839. Calculate x(c).
-1
Let u = -120 + 174. Suppose -23*r - 38 = u. Let k(t) = t**2 + 5*t + 4. Give k(r).
0
Let d = 1167 + -1160. Let w(u) = 10 - u + 2*u**3 - 2*u**3 + u**3 - 7*u**2. What is w(d)?
3
Let m(v) be the first derivative of v**3/3 + 3*v**2 - 18*v - 338. Let q be m(0). Let r(i) = i**3 + 19*i**2 + 19*i + 13. What is r(q)?
-5
Let h(b) = 5*b**2 - b - 1. Let r(y) = 19*y**2 - 17*y + 10. Let u(c) = 4*h(c) - r(c). Give u(-12).
-26
Suppose 3*d - 4*w = 0, -55*d + 3*w + 7 = -51*d. Let b(p) = -3*p**3 + 4*p**2 + 5*p + 3. Let a(y) = -y**3 + 1. Let c(s) = -2*a(s) + b(s). What is c(d)?
21
Suppose 0 = -2*b + 4*c + 38, -15*c + 16 = -19*c. Let z(r) = 173 - 185 - 2*r + 3*r. What is z(b)?
-1
Let g be 10/4*4/5. Let m(x) be the second derivative of 2*x**3/3 - x**2/2 + 9*x - 18. Give m(g).
7
Suppose -3*f = -355*v + 356*v + 28, 0 = -f + 3*v + 4. Let h(m) be the second derivative of 2*m**3/3 + 3*m**2/2 + 4*m. What is h(f)?
-29
Let c(q) = 5 + 12 - 16 + 8*q. Let k(o) = 3*o. Let i(a) = -4*c(a) + 11*k(a). What is i(3)?
-1
Let b be 492*(-7 - 203/(-21)). Let f(n) = 658 - b + 5*n + 655. Let w = 6 + -4. Calculate f(w).
11
Let v(w) = 6*w**3 + 124*w**2 - 40*w + 45. Let b be v(-21). Let z(d) = 2*d - 17. What is z(b)?
-11
Let q(y) = y**3 - 7*y**2 + 7*y - 5. Suppose -28*g + 26*g = -84. Let x(m) = 10*m**2 + m - 2. Let n be x(-2). Let i = g - n. Determine q(i).
1
Let q(x) = x**3 - 11*x**2 - 12*x + 27. Let l be 16/136 - (-202)/17. Determine q(l).
27
Let k(q) = -q**3 - q**2 + 2*q + 1. Let m(z) = -2*z + 32. Let s be m(13). Suppose 36 = s*v + 24. Give k(v).
-7
Let f = -16573 + 16576. Let g(b) = 2*b**3 - 2*b**2 - 9*b + 10. What is g(f)?
19
Let h = 210 - 210. Suppose -8*b + 3*b + 10 = h. Let m(x) = -2*x**3 + x**2 + x. Give m(b).
-10
Let p = 2400 + -2393. Let z(y) = -2*y + 15. Calculate z(p).
1
Let f = 35 + -33. Suppose 0 = 4*d - 3*m - 6, m = d - 3 + f. Suppose 0 = -j + 1, -d*j = q - j - 4. Let i(g) = -4*g - 2. Calculate i(q).
-10
Let g(t) = 293*t + 42. Let r(f) = -84*f - 13. Let q(b) = -4*g(b) - 14*r(b). Determine q(4).
30
Let t be (3 + -2)*4/4. Let b(a) be the first derivative of 5*a**3/3 - a**2/2 + 2*a + 11421. What is b(t)?
6
Let s be (-3 - (-18 + 9 - -8))*(-18)/4. Let b(l) = 3*l - 30. Give b(s).
-3
Let p(m) = -7*m**2 + 39*m + 14. Let g be p(6). Let w(o) = -2*o**3 - o**2 + o + 2. Let i(h) = -3*h**3 + h**2 - h + 6. Let c(s) = i(s) - 2*w(s). Calculate c(g).
-2
Let i(x) = -3 + 26*x**2 + 210*x**2 - 148*x**2 + 2. What is i(-1)?
87
Let l(d) = -d - 2. Let n be l(4). Let y = 495 - 487. Let c(v) = 377*v - 1137*v + 378*v - y + 380*v. What is c(n)?
4
Suppose 0 = 6*h - 6 - 18. Suppose -h*l + 9 = 3*a, 0 = 2*l + a + 2*a - 3. Let v(n) = l - n - 4 - 2*n - 3. What is v(3)?
-13
Let o be (-5)/(20/44) + 5. Suppose -6*c = -0*c + 12. Let r(a) = 4*a**2 + 29*a - 41. Let j(k) = k**2 + 7*k - 10. Let g(b) = c*r(b) + 9*j(b). What is g(o)?
-2
Suppose -41 = 11*r - 63. Let y(c) be the third derivative of 0*c - 7/60*c**5 + 